se 11) to base 2.
11010011011
6bb (base 15) to base 10
1526
76301 (base 8) to base 4
13303001
What is 7967 (base 14) in base 10?
21063
What is cf2 (base 16) in base 2?
110011110010
-1000101000 (base 2) to base 14
-2b6
Convert 3506 (base 14) to base 11.
6a20
What is 10562 (base 8) in base 10?
4466
What is -456 (base 8) in base 13?
-1a3
3a27 (base 15) to base 13
585a
What is -64216 (base 7) in base 13?
-7303
-b (base 13) to base 4
-23
What is 455542 (base 6) in base 7?
221216
What is 14287 (base 12) in base 11?
1a080
What is -1470 (base 9) in base 4?
-101130
-355342 (base 6) to base 11
-21342
-30132011 (base 4) to base 6
-1032245
Convert 111110001 (base 2) to base 5.
3442
-2124 (base 6) to base 5
-3414
What is -5145 (base 8) in base 16?
-a65
What is 3dd (base 16) in base 15?
45e
94 (base 11) to base 15
6d
Convert -1788 (base 11) to base 12.
-1396
c44a (base 15) to base 10
41470
3126 (base 8) to base 5
22442
Convert -265 (base 10) to base 2.
-100001001
Convert 2 (base 9) to base 3.
2
What is -12541 (base 7) in base 6?
-23321
Convert -1771 (base 8) to base 10.
-1017
Convert 1c40 (base 13) to base 14.
17b7
-6163 (base 9) to base 16
-11a0
-313124 (base 5) to base 3
-112021201
-100100000 (base 2) to base 6
-1200
What is -3343 (base 5) in base 3?
-122112
Convert 111100001010 (base 2) to base 8.
7412
What is 22de (base 16) in base 6?
105154
32053 (base 6) to base 5
114403
Convert -14000 (base 6) to base 7.
-6204
What is 235 (base 10) in base 13?
151
What is -4132143 (base 5) in base 2?
-10000100011010110
1441 (base 5) to base 8
366
What is 111 (base 9) in base 15?
61
-635 (base 8) to base 10
-413
Convert 166 (base 7) to base 4.
1201
What is 10000011111 (base 2) in base 8?
2037
Convert -14210 (base 6) to base 7.
-6345
Convert -21100112 (base 3) to base 6.
-40452
Convert 20030 (base 7) to base 4.
1023113
7b0 (base 15) to base 6
12020
What is -210220 (base 4) in base 5?
-33334
317 (base 9) to base 14
147
What is -6045 (base 7) in base 5?
-31331
Convert -1011101010 (base 2) to base 3.
-1000122
-220200021 (base 3) to base 12
-a4b1
Convert -11202 (base 5) to base 8.
-1442
What is -7896 (base 10) in base 6?
-100320
What is 857 (base 9) in base 11?
587
100013 (base 4) to base 13
614
0 (base 7) to base 6
0
332 (base 13) to base 7
1412
-1010202221 (base 3) to base 14
-8267
Convert -100201 (base 3) to base 11.
-219
What is 17733 (base 8) in base 14?
2d87
Convert -11686 (base 10) to base 12.
-691a
-20764 (base 8) to base 6
-104124
-735 (base 10) to base 6
-3223
What is 56a2 (base 14) in base 12?
8852
Convert -11111120 (base 3) to base 2.
-110011010010
What is 10010110111000 (base 2) in base 9?
14218
Convert 21141 (base 11) to base 7.
155510
What is -242 (base 13) in base 16?
-188
Convert 189 (base 15) to base 4.
11202
What is 14423 (base 9) in base 4?
2121132
What is -681 (base 10) in base 3?
-221020
What is -1000011010 (base 2) in base 15?
-25d
Convert -102200 (base 3) to base 9.
-380
What is -110100 (base 3) in base 16?
-14d
410 (base 10) to base 6
1522
-1303101 (base 4) to base 15
-22bc
What is -33262 (base 7) in base 6?
-102434
-10322001 (base 4) to base 16
-4e81
-3b9 (base 12) to base 16
-23d
Convert 3079 (base 11) to base 10.
4079
6a08 (base 11) to base 14
34d6
Convert 15245 (base 7) to base 5.
113442
Convert -319a (base 13) to base 4.
-1223213
Convert -210 (base 10) to base 15.
-e0
What is 37703 (base 9) in base 3?
1021210010
What is -100010000 (base 2) in base 3?
-101002
-418 (base 9) to base 10
-341
Convert 22430 (base 5) to base 14.
835
1034 (base 14) to base 7
11064
What is -1001111100 (base 2) in base 5?
-10021
What is -1360 (base 7) in base 8?
-1024
What is 10111110011 (base 2) in base 8?
2763
Convert -6642 (base 7) to base 13.
-1113
Convert -14042 (base 6) to base 9.
-2888
-861 (base 16) to base 14
-ad3
3536 (base 9) to base 5
41000
What is 2111102000 (base 3) in base 7?
263160
Convert -1125 (base 8) to base 11.
-4a3
Convert 10221101 (base 3) to base 12.
17b4
Convert 2345 (base 8) to base 16.
4e5
What is 51021 (base 6) in base 12?
3a71
Convert -2452 (base 9) to base 4.
-130211
What is 1350 (base 12) in base 10?
2220
Convert 1532 (base 8) to base 9.
1153
Convert 1032002 (base 4) to base 12.
2a82
What is -eaf (base 16) in base 13?
-1932
-b668 (base 13) to base 7
-133444
12bc (base 13) to base 15
be5
What is 901 (base 11) in base 16?
442
What is -7240 (base 9) in base 3?
-21021100
-2807 (base 10) to base 12
-175b
-6502 (base 8) to base 13
-1711
Convert -5e1 (base 15) to base 2.
-10100111000
-632 (base 14) to base 7
-3362
7a3 (base 14) to base 3
2002010
What is 1106 (base 12) in base 11?
1458
Convert -21077 (base 9) to base 11.
-a506
1010000011 (base 2) to base 4
22003
What is 25545 (base 6) in base 4?
330221
What is 3012 (base 5) in base 6?
1434
2562 (base 8) to base 10
1394
What is -1221001000 (base 3) in base 7?
-215412
Convert 140 (base 9) to base 11.
a7
What is -201220 (base 7) in base 4?
-20110111
-66a (base 12) to base 13
-57a
What is -1022 (base 6) in base 2?
-11100110
Convert 12310 (base 6) to base 3.
2112020
Convert 101010 (base 2) to base 10.
42
Convert 1110221 (base 3) to base 9.
1427
443 (base 11) to base 7
1356
601 (base 12) to base 13
517
-6472 (base 10) to base 6
-45544
What is 1057 (base 10) in base 11?
881
111010100 (base 2) to base 3
122100
What is -2400 (base 14) in base 8?
-14200
What is -113 (base 16) in base 5?
-2100
722 (base 9) to base 11
494
-14621 (base 7) to base 12
-2442
What is 10655 (base 7) in base 15?
c25
What is -162 (base 13) in base 14?
-13b
Convert -15548 (base 15) to base 7.
-404162
What is 1005 (base 9) in base 4?
23132
111010111100111 (base 2) to base 12
15573
What is 2841 (base 10) in base 15?
c96
What is 16e6 (base 16) in base 3?
22001010
8332 (base 10) to base 12
49a4
Convert 3100 (base 8) to base 6.
11224
2b8 (base 14) to base 16
22a
What is 1021201002 (base 3) in base 10?
25301
Convert -1caa (base 15) to base 2.
-1100001011011
-c883 (base 13) to base 10
-27823
Convert 6ae (base 16) to base 4.
122232
What is 1655 (base 9) in base 5?
20030
What is -15125 (base 8) in base 16?
-1a55
-10132303 (base 4) to base 7
-104341
Convert -3121 (base 9) to base 12.
-13a7
Convert 1064 (base 12) to base 14.
92c
2a5 (base 13) to base 16
1d9
Convert 3532 (base 10) to base 14.
1404
-34305 (base 6) to base 5
-123430
3113 (base 11) to base 6
31040
Convert b4 (base 14) to base 7.
314
Convert -15802 (base 9) to base 6.
-122132
-1125 (base 8) to base 5
-4342
Convert -975 (base 14) to base 7.
-5305
Convert 24343 (base 5) to base 9.
2473
What is 5163 (base 7) in base 15?
809
Convert -350 (base 16) to base 10.
-848
Convert 524 (base 6) to base 8.
304
Convert -24d (base 15) to base 16.
-20b
What is 6d4 (base 16) in base 3?
2101202
Convert 348 (base 9) to base 15.
142
Convert -2755 (base 8) to base 9.
-2065
What is -1720 (base 10) in base 12?
-bb4
4506 (base 7) to base 11
1246
Convert -111212212 (base 3) to base 15.
-2eeb
What is 121220001 (base 3) in base 4?
3000121
-41b9 (base 12) to base 8
-16035
-1f6 (base 16) to base 8
-766
Convert 330 (base 7) to base 11.
143
What is -11010110001 (base 2) in base 4?
-122301
Convert -10001010000 (base 2) to base 9.
-1456
-1298 (base 11) to base 10
-1680
Convert -106560 (base 7) to base 9.
-28240
Convert 1311123 (base 4) to base 15.
2360
Convert 155417 (base 8) to base 3.
2211221000
155 (base 10) to base 8
233
Convert -52 (base 14) to base 5.
-242
1224 (base 15) to base 9
5257
Convert -33703 (base 12) to base 2.
-10000101100110011
-6b6 (base 12) to base 8
-1752
What is -64557 (base 8) in base 3?
-1101000200
What is 1102 (base 6) in base 3?
100102
335352 (base 6) to base 12
14558
What is 11001111011 (base 2) in base 7?
4560
-14244 (base 7) to base 3
-12100120
What is 1004 (base 16) in base 10?
4100
Convert -1465 (base 7) to base 5.
-4321
-3133303 (base 4) to base 7
-56521
What is 57475 (base 10) in base 16?
e083
-14446 (base 8) to base 2
-1100100100110
245 (base 11) to base 5
2131
Convert -7a3 (base 13) to base 9.
-1722
What is -10022111 (base 3) in base 11?
-18a7
Convert 4103 (base 10) to base 8.
10007
What is -42450 (base 8) in base 4?
-10110220
What is 24422 (base 6) in base 4?
320132
Convert 3593 (base 10) to base 11.
2777
What is 23110 (base 6) in base 14?
12a6
What is -c4 (base 16) in base 15?